{"id":30759,"date":"2021-10-01T07:57:47","date_gmt":"2021-10-01T07:57:47","guid":{"rendered":"https:\/\/specialpapers.fedrigoni.com\/privacy-policy\/"},"modified":"2025-11-07T10:54:06","modified_gmt":"2025-11-07T10:54:06","slug":"privacy-policy","status":"publish","type":"page","link":"https:\/\/specialpapers.fedrigoni.com\/cze\/privacy-policy\/","title":{"rendered":"Privacy Policy"},"content":{"rendered":"<h4>OZN\u00c1MEN\u00cd O OCHRAN\u011a OSOBN\u00cdCH \u00daDAJ\u016e PODLE \u010cL\u00c1NKU 13 NA\u0158\u00cdZEN\u00cd EU 2016\/679 &#8211; U\u017dIVATEL\u00c9 WEBOV\u00ddCH PORT\u00c1L\u016e<\/h4>\n<p>&nbsp;<\/p>\n<p>&nbsp;<\/p>\n<p><strong>1. Spr\u00e1vce \u00fadaj\u016f<\/strong><\/p>\n<p>Spr\u00e1vcem \u00fadaj\u016f je spole\u010dnost Fedrigoni S.p.A. se s\u00eddlem Via Enrico Fermi 13\/F, 37135, Verona (VR) It\u00e1lie. Chcete-li uplatnit sv\u00e1 pr\u00e1va stanoven\u00e1 v platn\u00e9m na\u0159\u00edzen\u00ed, kter\u00e1 jsou uvedena v \u010d\u00e1sti &#8222;5. Pr\u00e1va subjektu \u00fadaj\u016f&#8220;, a v p\u0159\u00edpad\u011b jak\u00fdchkoli dal\u0161\u00edch \u017e\u00e1dost\u00ed t\u00fdkaj\u00edc\u00edch se ot\u00e1zek ochrany osobn\u00edch \u00fadaj\u016f se m\u016f\u017eete obr\u00e1tit na spr\u00e1vce \u00fadaj\u016f na adrese <a href=\"mailto:privacy@fedrigoni.com\">privacy@fedrigoni.com<\/a>.<\/p>\n<p>&nbsp;<\/p>\n<p>&nbsp;<\/p>\n<p><strong>2. Typy zpracov\u00e1van\u00fdch proces\u016f<\/strong><\/p>\n<p><strong>a) Spr\u00e1va registrace na port\u00e1lu<\/strong><\/p>\n<p>&#8211; \u00da\u010del: webov\u00fd port\u00e1l umo\u017e\u0148uje registraci u\u017eivatel\u016f, kte\u0159\u00ed si tak mohou vytvo\u0159it vlastn\u00ed vyhrazenou oblast a z\u00edskat p\u0159\u00edstup k d\u016fv\u011brn\u00fdm a exkluzivn\u00edm informac\u00edm v r\u00e1mci platformy.<br \/>\n&#8211; <strong>Pr\u00e1vn\u00ed z\u00e1klad<\/strong>: Proces registrace prob\u00edh\u00e1 na z\u00e1klad\u011b souhlasu subjektu \u00fadaj\u016f.<br \/>\n&#8211; <strong>Uchov\u00e1v\u00e1n\u00ed \u00fadaj\u016f<\/strong>: \u00fadaje jsou uchov\u00e1v\u00e1ny po dobu nezbytnou pro spr\u00e1vu slu\u017eby registrace na port\u00e1lu zp\u0159\u00edstupn\u011bn\u00e9m u\u017eivateli.<br \/>\nPo dokon\u010den\u00ed procesu registrace je u\u017eivatel zaregistrov\u00e1n v syst\u00e9mech spole\u010dnosti a m\u00e1 mo\u017enost kdykoli po\u017e\u00e1dat o deaktivaci sv\u00e9ho \u00fa\u010dtu prost\u0159ednictv\u00edm komunika\u010dn\u00edch kan\u00e1l\u016f uveden\u00fdch v bod\u011b 1.<\/p>\n<p>&nbsp;<\/p>\n<p><strong>b) Spr\u00e1va komunikace s u\u017eivateli<\/strong><\/p>\n<p>&#8211; \u00da\u010del: dobrovoln\u00e9 zas\u00edl\u00e1n\u00ed zpr\u00e1v na kontaktn\u00ed adresy uveden\u00e9 na t\u011bchto webov\u00fdch str\u00e1nk\u00e1ch a vypl\u0148ov\u00e1n\u00ed &#8222;formul\u00e1\u0159\u016f&#8220; vede k z\u00edsk\u00e1n\u00ed kontaktn\u00edch \u00fadaj\u016f odes\u00edlatele, jako\u017e i v\u0161ech osobn\u00edch \u00fadaj\u016f obsa\u017een\u00fdch v t\u011bchto sd\u011blen\u00edch, kter\u00e9 jsou pot\u0159ebn\u00e9 pro spln\u011bn\u00ed konkr\u00e9tn\u00edch po\u017eadavk\u016f zaslan\u00fdch spr\u00e1vci \u00fadaj\u016f. \u00dadaje jsou zpracov\u00e1v\u00e1ny za \u00fa\u010delem spr\u00e1vy komunikace na z\u00e1klad\u011b pot\u0159eby poskytnout komunika\u010dn\u00ed slu\u017ebu zp\u0159\u00edstupn\u011bnou u\u017eivateli.<br \/>\n&#8211; Pr\u00e1vn\u00ed z\u00e1klad: \u010dinnost zpracov\u00e1n\u00ed je prov\u00e1d\u011bna na z\u00e1klad\u011b souhlasu osoby, kter\u00e1 komunikaci odes\u00edl\u00e1.<br \/>\n&#8211; Uchov\u00e1v\u00e1n\u00ed \u00fadaj\u016f: \u00fadaje u\u017eivatele jsou Spr\u00e1vcem \u00fadaj\u016f zaznamen\u00e1v\u00e1ny a uchov\u00e1v\u00e1ny po dobu nezbytnou pro spr\u00e1vu komunikace, pro spr\u00e1vu obchodn\u00edho vztahu s u\u017eivatelem, na z\u00e1klad\u011b jeho souhlasu, kter\u00fd lze kdykoli odvolat \u017e\u00e1dost\u00ed prost\u0159ednictv\u00edm komunika\u010dn\u00edch kan\u00e1l\u016f uveden\u00fdch v bod\u011b 1.<\/p>\n<p>&nbsp;<\/p>\n<p><strong>c) Newslettery<\/strong><\/p>\n<p>&#8211; <strong>\u00da\u010del<\/strong>: p\u0159i registraci na port\u00e1lu a\/nebo zas\u00edl\u00e1n\u00ed sd\u011blen\u00ed prost\u0159ednictv\u00edm &#8222;formul\u00e1\u0159\u016f&#8220; na platform\u011b se u\u017eivatel m\u016f\u017ee p\u0159ihl\u00e1sit k odb\u011bru slu\u017eeb newsletteru o novink\u00e1ch a akc\u00edch souvisej\u00edc\u00edch s nab\u00eddkou produkt\u016f a slu\u017eeb.<br \/>\n&#8211; <strong>Pr\u00e1vn\u00ed z\u00e1klad<\/strong>: \u00fadaje jsou zpracov\u00e1v\u00e1ny na z\u00e1klad\u011b souhlasu ud\u011blen\u00e9ho u\u017eivatelem v souladu s \u010dl. 6 odst. 1 p\u00edsm. a) na\u0159\u00edzen\u00ed GDPR.<br \/>\n&#8211; <strong>Uchov\u00e1v\u00e1n\u00ed \u00fadaj\u016f<\/strong>: osobn\u00ed \u00fadaje jsou uchov\u00e1v\u00e1ny po dobu nezbytnou pro spr\u00e1vu slu\u017eby zas\u00edl\u00e1n\u00ed novinek zp\u0159\u00edstupn\u011bn\u00e9 u\u017eivatelem, kter\u00fd se m\u016f\u017ee kdykoli rozhodnout ukon\u010dit zas\u00edl\u00e1n\u00ed novinek odvol\u00e1n\u00edm ud\u011blen\u00e9ho souhlasu, a to prost\u0159ednictv\u00edm specifick\u00e9 funkce p\u0159\u00edtomn\u00e9 v ka\u017ed\u00e9m obdr\u017een\u00e9m sd\u011blen\u00ed, nebo pod\u00e1n\u00edm \u017e\u00e1dosti prost\u0159ednictv\u00edm komunika\u010dn\u00edch kan\u00e1l\u016f uveden\u00fdch v bod\u011b 1.<\/p>\n<p>&nbsp;<\/p>\n<p><strong>d) Spr\u00e1va aplikac\u00ed<\/strong><\/p>\n<p>Prost\u0159ednictv\u00edm port\u00e1lu je mo\u017en\u00e9 p\u0159istupovat do oblasti &#8222;kari\u00e9ra&#8220; pro konzultace pracovn\u00edch pozic a spr\u00e1vu \u017e\u00e1dost\u00ed. Pro tuto \u010dinnost zpracov\u00e1n\u00ed naleznete v z\u00e1sad\u00e1ch pro uchaze\u010de, kter\u00e9 jsou k dispozici ve vyhrazen\u00e9 sekci.<\/p>\n<p>&nbsp;<\/p>\n<p><strong>e) Spr\u00e1va prohl\u00ed\u017eec\u00edch \u00fadaj\u016f<\/strong><\/p>\n<p>&#8211; <strong>\u00da\u010del<\/strong>: N\u00e1stroje pou\u017e\u00edvan\u00e9 k zaji\u0161t\u011bn\u00ed provozu a bezpe\u010dnosti port\u00e1lu mohou v r\u00e1mci sv\u00e9ho b\u011b\u017en\u00e9ho provozu zpracov\u00e1vat n\u011bkter\u00e9 informace, kter\u00e9 nejsou shroma\u017e\u010fov\u00e1ny za \u00fa\u010delem p\u0159i\u0159azen\u00ed k dot\u010den\u00fdm osob\u00e1m, ale kter\u00e9 by v d\u016fsledku zpracov\u00e1n\u00ed mohly umo\u017enit identifikaci u\u017eivatel\u016f (nap\u0159. IP adresy, n\u00e1zvy dom\u00e9n po\u010d\u00edta\u010d\u016f atd.). Tyto informace jsou shroma\u017e\u010fov\u00e1ny za \u00fa\u010delem zaji\u0161t\u011bn\u00ed bezpe\u010dnosti a \u0159\u00e1dn\u00e9ho fungov\u00e1n\u00ed port\u00e1lu.<br \/>\n&#8211; <strong>Pr\u00e1vn\u00ed z\u00e1klad<\/strong>: \u00dadaje jsou zpracov\u00e1v\u00e1ny na z\u00e1klad\u011b opr\u00e1vn\u011bn\u00e9ho z\u00e1jmu spr\u00e1vce \u00fadaj\u016f v souladu s \u010dl. 6 odst. 1 p\u00edsm. f) na\u0159\u00edzen\u00ed GDPR.<br \/>\n&#8211; <strong>Uchov\u00e1v\u00e1n\u00ed \u00fadaj\u016f<\/strong>: \u00dadaje jsou uchov\u00e1v\u00e1ny po dobu nezbytn\u011b nutnou k napln\u011bn\u00ed stanoven\u00fdch \u00fa\u010del\u016f.<\/p>\n<p>&nbsp;<\/p>\n<p><strong>f) Obchodn\u00ed kontakty<\/strong><\/p>\n<p>&#8211; <strong>\u00da\u010del<\/strong>: V\u00e1mi poskytnut\u00e9 kontaktn\u00ed \u00fadaje jsou uchov\u00e1v\u00e1ny a zpracov\u00e1v\u00e1ny za \u00fa\u010delem spr\u00e1vy obchodn\u00edch vztah\u016f, jako kontaktn\u00ed m\u00edsto pro z\u00e1kazn\u00edka\/z\u00e1jemce.<br \/>\n&#8211; <strong>Pr\u00e1vn\u00ed z\u00e1klad<\/strong>: \u010cinnost spr\u00e1vy va\u0161ich kontaktn\u00edch \u00fadaj\u016f je prov\u00e1d\u011bna na z\u00e1klad\u011b existuj\u00edc\u00ed smlouvy mezi stranami nebo z d\u016fvodu obchodn\u00edho z\u00e1jmu, kter\u00fd m\u016f\u017ee v\u00e9st k budouc\u00edmu uzav\u0159en\u00ed smluvn\u00edch dohod.<br \/>\nKdykoli m\u016f\u017eete po\u017e\u00e1dat o vymaz\u00e1n\u00ed sv\u00fdch kontaktn\u00edch \u00fadaj\u016f pod\u00e1n\u00edm \u017e\u00e1dosti prost\u0159ednictv\u00edm komunika\u010dn\u00edch kan\u00e1l\u016f uveden\u00fdch v bod\u011b 1.<br \/>\n&#8211; <strong>Uchov\u00e1v\u00e1n\u00ed \u00fadaj\u016f<\/strong>: \u00fadaje budou uchov\u00e1v\u00e1ny po dobu 36 m\u011bs\u00edc\u016f a od posledn\u00edho uskute\u010dn\u011bn\u00e9ho odborn\u00e9ho kontaktu; pokud je definov\u00e1na smluvn\u00ed dohoda, budou \u00fadaje uchov\u00e1v\u00e1ny a\u017e do ukon\u010den\u00ed pr\u00e1vn\u00edch \u00fa\u010dink\u016f z n\u00ed vypl\u00fdvaj\u00edc\u00edch.<\/p>\n<p>&nbsp;<\/p>\n<p><strong>g) Obchodn\u00ed sd\u011blen\u00ed B2B<\/strong><\/p>\n<p>&#8211; <strong>\u00da\u010del<\/strong>: kontaktn\u00ed \u00fadaje, kter\u00e9 poskytnete v souvislosti s nav\u00e1z\u00e1n\u00edm\/udr\u017eov\u00e1n\u00edm profesn\u00edho\/obchodn\u00edho vztahu, jsou uchov\u00e1v\u00e1ny a zpracov\u00e1v\u00e1ny za \u00fa\u010delem zas\u00edl\u00e1n\u00ed propaga\u010dn\u00edch a aktualiza\u010dn\u00edch sd\u011blen\u00ed a zas\u00edl\u00e1n\u00ed dotazn\u00edk\u016f o oblib\u011b s c\u00edlem z\u00edskat zp\u011btnou vazbu a podn\u011bty ke zlep\u0161en\u00ed.<br \/>\n&#8211; <strong>Pr\u00e1vn\u00ed z\u00e1klad<\/strong>: \u010cinnost zpracov\u00e1n\u00ed je prov\u00e1d\u011bna na z\u00e1klad\u011b opr\u00e1vn\u011bn\u00e9ho z\u00e1jmu spr\u00e1vce \u00fadaj\u016f na udr\u017eov\u00e1n\u00ed a zlep\u0161ov\u00e1n\u00ed profesn\u00edch kontakt\u016f se st\u00e1vaj\u00edc\u00edmi nebo potenci\u00e1ln\u00edmi obchodn\u00edmi partnery.<br \/>\n&#8211; <strong>Uchov\u00e1v\u00e1n\u00ed \u00fadaj\u016f<\/strong>: \u00dadaje budou zpracov\u00e1v\u00e1ny za \u00fa\u010delem zas\u00edl\u00e1n\u00ed sd\u011blen\u00ed po dobu 36 m\u011bs\u00edc\u016f od posledn\u00edho nav\u00e1zan\u00e9ho profesn\u00edho kontaktu. Kdykoli m\u016f\u017eete po\u017e\u00e1dat o nezas\u00edl\u00e1n\u00ed t\u011bchto sd\u011blen\u00ed v\u00fdb\u011brem odkazu v uv\u00edtac\u00ed po\u0161t\u011b nebo pod\u00e1n\u00edm \u017e\u00e1dosti prost\u0159ednictv\u00edm komunika\u010dn\u00edch kan\u00e1l\u016f uveden\u00fdch v bod\u011b 1.<\/p>\n<p>&nbsp;<\/p>\n<p><strong>h) Registrace a komunikace ocen\u011bn\u00ed Fedrigoni Top Awards<\/strong><\/p>\n<p>&#8211; <strong>\u00da\u010del<\/strong>: kontaktn\u00ed \u00fadaje, kter\u00e9 poskytnete v r\u00e1mci registrace na akci Fedrigoni Top Awards, jsou uchov\u00e1v\u00e1ny a zpracov\u00e1v\u00e1ny pro spr\u00e1vu registrace a n\u00e1sledn\u011b pro zas\u00edl\u00e1n\u00ed aktu\u00e1ln\u00edch sd\u011blen\u00ed (nap\u0159. o nominac\u00edch na ceny, dal\u0161\u00edch ro\u010dn\u00edc\u00edch atd.).<br \/>\n&#8211; <strong>Pr\u00e1vn\u00ed z\u00e1klad<\/strong>: \u010cinnost zpracov\u00e1n\u00ed je prov\u00e1d\u011bna na z\u00e1klad\u011b opr\u00e1vn\u011bn\u00e9ho z\u00e1jmu spr\u00e1vce \u00fadaj\u016f za \u00fa\u010delem \u0159\u00edzen\u00ed procesu \u00fa\u010dasti \u010dlen\u016f a informov\u00e1n\u00ed \u00fa\u010dastn\u00edk\u016f o v\u00fdvoji iniciativy Top Awards.<br \/>\n&#8211; <strong>Uchov\u00e1v\u00e1n\u00ed \u00fadaj\u016f<\/strong>: \u00fadaje jsou uchov\u00e1v\u00e1ny po dobu nezbytnou k \u0159\u00edzen\u00ed \u00fa\u010dasti na akci a pot\u00e9 k zas\u00edl\u00e1n\u00ed v\u00fd\u0161e uveden\u00fdch sd\u011blen\u00ed. U\u017eivatel m\u016f\u017ee kdykoli po\u017e\u00e1dat o ukon\u010den\u00ed zas\u00edl\u00e1n\u00ed newsletter\u016f prost\u0159ednictv\u00edm specifick\u00e9 funkce p\u0159\u00edtomn\u00e9 v ka\u017ed\u00e9m obdr\u017een\u00e9m sd\u011blen\u00ed nebo pod\u00e1n\u00edm \u017e\u00e1dosti prost\u0159ednictv\u00edm komunika\u010dn\u00edch kan\u00e1l\u016f uveden\u00fdch v bod\u011b 1.<\/p>\n<p>&nbsp;<\/p>\n<p><strong>i) Spr\u00e1va soubor\u016f cookie<\/strong><\/p>\n<p>Port\u00e1l vyu\u017e\u00edv\u00e1 soubory cookie, jejich\u017e prost\u0159ednictv\u00edm mohou b\u00fdt zpracov\u00e1v\u00e1ny osobn\u00ed \u00fadaje u\u017eivatele. Pro takov\u00e9 zpracov\u00e1n\u00ed v\u00e1s vyz\u00fdv\u00e1me k nahl\u00e9dnut\u00ed do Z\u00e1sad pou\u017e\u00edv\u00e1n\u00ed soubor\u016f cookie.<\/p>\n<p>&nbsp;<\/p>\n<p>&nbsp;<\/p>\n<p><strong>3. Metody zpracov\u00e1n\u00ed<\/strong><\/p>\n<p>Va\u0161e osobn\u00ed \u00fadaje budou zpracov\u00e1v\u00e1ny v souladu s ustanoven\u00edmi platn\u00fdch pr\u00e1vn\u00edch p\u0159edpis\u016f t\u00fdkaj\u00edc\u00edch se ochrany osobn\u00edch \u00fadaj\u016f, a to analogov\u00fdmi a digit\u00e1ln\u00edmi prost\u0159edky za pou\u017eit\u00ed metod a prost\u0159edk\u016f vhodn\u00fdch pro zaji\u0161t\u011bn\u00ed jejich bezpe\u010dnosti a d\u016fv\u011brnosti v souladu s ustanoven\u00edmi \u010dl\u00e1nku 32 GDPR.<\/p>\n<p>&nbsp;<\/p>\n<p>&nbsp;<\/p>\n<p><strong>4. Strany, kter\u00fdm mohou b\u00fdt va\u0161e osobn\u00ed \u00fadaje p\u0159ed\u00e1ny<\/strong><\/p>\n<p>Za \u00fa\u010delem dosa\u017een\u00ed v\u00fd\u0161e popsan\u00fdch \u00fa\u010del\u016f se s va\u0161imi osobn\u00edmi \u00fadaji mohou sezn\u00e1mit zam\u011bstnanci, spolupracovn\u00edci a obchodn\u00ed z\u00e1stupci Spr\u00e1vce, kte\u0159\u00ed budou p\u016fsobit jako strany opr\u00e1vn\u011bn\u00e9 k prov\u00e1d\u011bn\u00ed zpracov\u00e1n\u00ed a\/nebo zpracovatel\u00e9 \u00fadaj\u016f.<br \/>\nKrom\u011b toho m\u016f\u017ee Spr\u00e1vce \u00fadaj\u016f pot\u0159ebovat sd\u011blit va\u0161e osobn\u00ed \u00fadaje t\u0159et\u00edm stran\u00e1m, kter\u00e9 pat\u0159\u00ed nap\u0159. do n\u00e1sleduj\u00edc\u00edch kategori\u00ed:<\/p>\n<p>&#8211; spole\u010dnostem pat\u0159\u00edc\u00edm do skupiny Fedrigoni Group;<br \/>\n&#8211; stran\u00e1m, kter\u00e9 poskytuj\u00ed slu\u017eby pro spr\u00e1vu ICT slu\u017eeb (nap\u0159. spr\u00e1va webov\u00fdch str\u00e1nek), komunika\u010dn\u00ed slu\u017eby (nap\u0159. spr\u00e1va mailing listu) a spr\u00e1vu aplikac\u00ed.<\/p>\n<p>Spr\u00e1vce \u00fadaj\u016f m\u016f\u017ee p\u0159ed\u00e1vat va\u0161e osobn\u00ed \u00fadaje mimo Evropsk\u00fd hospod\u00e1\u0159sk\u00fd prostor p\u0159i zaji\u0161t\u011bn\u00ed jedn\u00e9 z n\u00e1sleduj\u00edc\u00edch podm\u00ednek: zda se jedn\u00e1 bu\u010f o t\u0159et\u00ed zemi pova\u017eovanou za p\u0159im\u011b\u0159enou podle \u010dl\u00e1nku 45 GDPR, nebo o zemi, pro kterou spr\u00e1vce \u00fadaj\u016f poskytuje p\u0159im\u011b\u0159en\u00e9 z\u00e1ruky o ochran\u011b \u00fadaj\u016f podle \u010dl\u00e1nk\u016f 46 a 47 GDPR a zaji\u0161\u0165uje subjekt\u016fm \u00fadaj\u016f vymahateln\u00e1 pr\u00e1va a \u00fa\u010dinn\u00e9 opravn\u00e9 prost\u0159edky.<\/p>\n<p>&nbsp;<\/p>\n<p>&nbsp;<\/p>\n<p><strong>5. Pr\u00e1va subjektu \u00fadaj\u016f<\/strong><\/p>\n<p>Spr\u00e1vce \u00fadaj\u016f v\u011bnuje zvl\u00e1\u0161tn\u00ed pozornost ochran\u011b va\u0161ich \u00fadaj\u016f a informuje v\u00e1s, \u017ee za podm\u00ednek stanoven\u00fdch platn\u00fdmi pr\u00e1vn\u00edmi p\u0159edpisy m\u016f\u017eete uplatnit n\u00e1sleduj\u00edc\u00ed pr\u00e1va:<\/p>\n<p>&#8211; <strong>pr\u00e1vo na p\u0159\u00edstup<\/strong> -pr\u00e1vo z\u00edskat od Spr\u00e1vce \u00fadaj\u016f potvrzen\u00ed, zda jsou \u010di nejsou zpracov\u00e1v\u00e1ny osobn\u00ed \u00fadaje, kter\u00e9 se v\u00e1s t\u00fdkaj\u00ed, a v takov\u00e9m p\u0159\u00edpad\u011b z\u00edskat p\u0159\u00edstup k osobn\u00edm \u00fadaj\u016fm;<br \/>\n&#8211; <strong>pr\u00e1vo na opravu<\/strong> &#8211; pr\u00e1vo z\u00edskat od spr\u00e1vce \u00fadaj\u016f bez zbyte\u010dn\u00e9ho odkladu opravu nep\u0159esn\u00fdch osobn\u00edch \u00fadaj\u016f, kter\u00e9 se v\u00e1s t\u00fdkaj\u00ed, a pr\u00e1vo na dopln\u011bn\u00ed ne\u00fapln\u00fdch osobn\u00edch \u00fadaj\u016f;<br \/>\n&#8211; <strong>pr\u00e1vo na v\u00fdmaz (&#8222;pr\u00e1vo b\u00fdt zapomenut&#8220;)<\/strong> &#8211; pr\u00e1vo na to, aby spr\u00e1vce \u00fadaj\u016f bez zbyte\u010dn\u00e9ho odkladu vymazal osobn\u00ed \u00fadaje, kter\u00e9 se v\u00e1s t\u00fdkaj\u00ed;<br \/>\n&#8211; <strong>pr\u00e1vo na omezen\u00ed zpracov\u00e1n\u00ed<\/strong> &#8211; v p\u0159\u00edslu\u0161n\u00fdch p\u0159\u00edpadech pr\u00e1vo na omezen\u00ed zpracov\u00e1n\u00ed, pokud jsou spln\u011bny z\u00e1konn\u00e9 po\u017eadavky;<br \/>\n&#8211; <strong>pr\u00e1vo na p\u0159enositelnost \u00fadaj\u016f<\/strong> &#8211; pr\u00e1vo z\u00edskat ve strukturovan\u00e9m form\u00e1tu b\u011b\u017en\u00e9ho pou\u017eit\u00ed, kter\u00fd lze p\u0159e\u010d\u00edst automatick\u00fdm za\u0159\u00edzen\u00edm, osobn\u00ed \u00fadaje, kter\u00e9 se v\u00e1s t\u00fdkaj\u00ed a kter\u00e9 jste poskytli spr\u00e1vci \u00fadaj\u016f, a pr\u00e1vo svobodn\u011b je zaslat jin\u00e9mu spr\u00e1vci \u00fadaj\u016f;<br \/>\n&#8211; <strong>pr\u00e1vo vzn\u00e9st n\u00e1mitku<\/strong> &#8211; pr\u00e1vo kdykoli vzn\u00e9st n\u00e1mitku proti zpracov\u00e1n\u00ed osobn\u00edch \u00fadaj\u016f, kter\u00e9 se v\u00e1s t\u00fdkaj\u00ed, p\u0159i v\u00fdskytu ustanoven\u00ed uveden\u00fdch v pr\u00e1vn\u00edch p\u0159edpisech;<br \/>\n&#8211; <strong>odvol\u00e1n\u00ed souhlasu<\/strong> &#8211; pr\u00e1vo kdykoli po\u017e\u00e1dat o odvol\u00e1n\u00ed ud\u011blen\u00e9ho souhlasu, ani\u017e by byla dot\u010dena z\u00e1konnost zpracov\u00e1n\u00ed zalo\u017een\u00e1 na souhlasu ud\u011blen\u00e9m p\u0159ed jeho odvol\u00e1n\u00edm.<\/p>\n<p>V\u00fd\u0161e uveden\u00e1 pr\u00e1va lze uplatnit u spr\u00e1vce \u00fadaj\u016f prost\u0159ednictv\u00edm kontakt\u016f uveden\u00fdch v\u00fd\u0161e v bod\u011b 1.<br \/>\nChcete-li se dozv\u011bd\u011bt o sv\u00fdch pr\u00e1vech, podat st\u00ed\u017enost a b\u00fdt informov\u00e1ni o aktu\u00e1ln\u00edch pr\u00e1vn\u00edch p\u0159edpisech t\u00fdkaj\u00edc\u00edch se ochrany fyzick\u00fdch osob v souvislosti se zpracov\u00e1n\u00edm osobn\u00edch \u00fadaj\u016f, m\u016f\u017eete se obr\u00e1tit na \u00da\u0159ad pro ochranu osobn\u00edch \u00fadaj\u016f na internetov\u00fdch str\u00e1nk\u00e1ch <a href=\"http:\/\/www.garanteprivacy.it\/\" target=\"_blank\" rel=\"noopener\">Garante della Privacy: http:\/\/www.garanteprivacy.it\/<\/a>.<\/p>\n","protected":false},"excerpt":{"rendered":"<p>OZN\u00c1MEN\u00cd O OCHRAN\u011a OSOBN\u00cdCH \u00daDAJ\u016e PODLE \u010cL\u00c1NKU 13 NA\u0158\u00cdZEN\u00cd EU 2016\/679 &#8211; U\u017dIVATEL\u00c9 WEBOV\u00ddCH PORT\u00c1L\u016e &nbsp; &nbsp; 1. Spr\u00e1vce \u00fadaj\u016f Spr\u00e1vcem \u00fadaj\u016f je spole\u010dnost Fedrigoni S.p.A. se s\u00eddlem Via Enrico Fermi 13\/F, 37135, Verona (VR) It\u00e1lie. Chcete-li uplatnit sv\u00e1 pr\u00e1va stanoven\u00e1 v platn\u00e9m na\u0159\u00edzen\u00ed, kter\u00e1 jsou uvedena v \u010d\u00e1sti &#8222;5. Pr\u00e1va subjektu \u00fadaj\u016f&#8220;, a v&#8230;<\/p>\n","protected":false},"author":7,"featured_media":0,"parent":0,"menu_order":0,"comment_status":"closed","ping_status":"closed","template":"","meta":{"_acf_changed":false,"footnotes":""},"class_list":["post-30759","page","type-page","status-publish","hentry"],"acf":[],"yoast_head":"<!-- This site is optimized with the Yoast SEO plugin v27.3 - https:\/\/yoast.com\/product\/yoast-seo-wordpress\/ -->\n<title>Privacy Policy - CZE | Special Papers<\/title>\n<meta name=\"description\" content=\"Privacy Policy, informace o ochran\u011b osobn\u00edch \u00fadaj\u016f, pou\u017eit\u00ed cookie a pr\u00e1vn\u00edch n\u00e1le\u017eitostech v souladu s EU regulacemi.\" \/>\n<meta name=\"robots\" content=\"index, follow, max-snippet:-1, max-image-preview:large, max-video-preview:-1\" \/>\n<link rel=\"canonical\" href=\"https:\/\/specialpapers.fedrigoni.com\/cze\/privacy-policy\/\" \/>\n<meta property=\"og:locale\" content=\"cs_CZ\" \/>\n<meta property=\"og:type\" content=\"article\" \/>\n<meta property=\"og:title\" content=\"Privacy Policy - CZE | Special Papers\" \/>\n<meta property=\"og:description\" content=\"Privacy Policy, informace o ochran\u011b osobn\u00edch \u00fadaj\u016f, pou\u017eit\u00ed cookie a pr\u00e1vn\u00edch n\u00e1le\u017eitostech v souladu s EU regulacemi.\" \/>\n<meta property=\"og:url\" content=\"https:\/\/specialpapers.fedrigoni.com\/cze\/privacy-policy\/\" \/>\n<meta property=\"og:site_name\" content=\"Fedrigoni Special Papers\" \/>\n<meta property=\"article:modified_time\" content=\"2025-11-07T10:54:06+00:00\" \/>\n<meta property=\"og:image\" content=\"https:\/\/specialpapers.fedrigoni.com\/wp-content\/uploads\/2021\/09\/Banner-HP-ladder.jpg\" \/>\n\t<meta property=\"og:image:width\" content=\"2200\" \/>\n\t<meta property=\"og:image:height\" content=\"1467\" \/>\n\t<meta property=\"og:image:type\" content=\"image\/jpeg\" \/>\n<meta name=\"twitter:card\" content=\"summary_large_image\" \/>\n<meta name=\"twitter:label1\" content=\"Odhadovan\u00e1 doba \u010dten\u00ed\" \/>\n\t<meta name=\"twitter:data1\" content=\"6 minut\" \/>\n<script type=\"application\/ld+json\" class=\"yoast-schema-graph\">{\"@context\":\"https:\\\/\\\/schema.org\",\"@graph\":[{\"@type\":[\"WebPage\",\"ProfilePage\"],\"@id\":\"https:\\\/\\\/specialpapers.fedrigoni.com\\\/cze\\\/privacy-policy\\\/\",\"url\":\"https:\\\/\\\/specialpapers.fedrigoni.com\\\/cze\\\/privacy-policy\\\/\",\"name\":\"Privacy Policy - CZE | Special Papers\",\"isPartOf\":{\"@id\":\"https:\\\/\\\/specialpapers.fedrigoni.com\\\/cze\\\/#website\"},\"datePublished\":\"2021-10-01T07:57:47+00:00\",\"dateModified\":\"2025-11-07T10:54:06+00:00\",\"description\":\"Privacy Policy, informace o ochran\u011b osobn\u00edch \u00fadaj\u016f, pou\u017eit\u00ed cookie a pr\u00e1vn\u00edch n\u00e1le\u017eitostech v souladu s EU regulacemi.\",\"breadcrumb\":{\"@id\":\"https:\\\/\\\/specialpapers.fedrigoni.com\\\/cze\\\/privacy-policy\\\/#breadcrumb\"},\"inLanguage\":\"cs\",\"potentialAction\":[{\"@type\":\"ReadAction\",\"target\":[\"https:\\\/\\\/specialpapers.fedrigoni.com\\\/cze\\\/privacy-policy\\\/\"]}]},{\"@type\":\"BreadcrumbList\",\"@id\":\"https:\\\/\\\/specialpapers.fedrigoni.com\\\/cze\\\/privacy-policy\\\/#breadcrumb\",\"itemListElement\":[{\"@type\":\"ListItem\",\"position\":1,\"name\":\"Home\",\"item\":\"https:\\\/\\\/specialpapers.fedrigoni.com\\\/cze\\\/\"},{\"@type\":\"ListItem\",\"position\":2,\"name\":\"Privacy Policy\"}]},{\"@type\":\"WebSite\",\"@id\":\"https:\\\/\\\/specialpapers.fedrigoni.com\\\/cze\\\/#website\",\"url\":\"https:\\\/\\\/specialpapers.fedrigoni.com\\\/cze\\\/\",\"name\":\"Fedrigoni Special Papers\",\"description\":\"Elevating Creativity\",\"potentialAction\":[{\"@type\":\"SearchAction\",\"target\":{\"@type\":\"EntryPoint\",\"urlTemplate\":\"https:\\\/\\\/specialpapers.fedrigoni.com\\\/cze\\\/?s={search_term_string}\"},\"query-input\":{\"@type\":\"PropertyValueSpecification\",\"valueRequired\":true,\"valueName\":\"search_term_string\"}}],\"inLanguage\":\"cs\"}]}<\/script>\n<!-- \/ Yoast SEO plugin. -->","yoast_head_json":{"title":"Privacy Policy - CZE | Special Papers","description":"Privacy Policy, informace o ochran\u011b osobn\u00edch \u00fadaj\u016f, pou\u017eit\u00ed cookie a pr\u00e1vn\u00edch n\u00e1le\u017eitostech v souladu s EU regulacemi.","robots":{"index":"index","follow":"follow","max-snippet":"max-snippet:-1","max-image-preview":"max-image-preview:large","max-video-preview":"max-video-preview:-1"},"canonical":"https:\/\/specialpapers.fedrigoni.com\/cze\/privacy-policy\/","og_locale":"cs_CZ","og_type":"article","og_title":"Privacy Policy - CZE | Special Papers","og_description":"Privacy Policy, informace o ochran\u011b osobn\u00edch \u00fadaj\u016f, pou\u017eit\u00ed cookie a pr\u00e1vn\u00edch n\u00e1le\u017eitostech v souladu s EU regulacemi.","og_url":"https:\/\/specialpapers.fedrigoni.com\/cze\/privacy-policy\/","og_site_name":"Fedrigoni Special Papers","article_modified_time":"2025-11-07T10:54:06+00:00","og_image":[{"width":2200,"height":1467,"url":"https:\/\/specialpapers.fedrigoni.com\/wp-content\/uploads\/2021\/09\/Banner-HP-ladder.jpg","type":"image\/jpeg"}],"twitter_card":"summary_large_image","twitter_misc":{"Odhadovan\u00e1 doba \u010dten\u00ed":"6 minut"},"schema":{"@context":"https:\/\/schema.org","@graph":[{"@type":["WebPage","ProfilePage"],"@id":"https:\/\/specialpapers.fedrigoni.com\/cze\/privacy-policy\/","url":"https:\/\/specialpapers.fedrigoni.com\/cze\/privacy-policy\/","name":"Privacy Policy - CZE | Special Papers","isPartOf":{"@id":"https:\/\/specialpapers.fedrigoni.com\/cze\/#website"},"datePublished":"2021-10-01T07:57:47+00:00","dateModified":"2025-11-07T10:54:06+00:00","description":"Privacy Policy, informace o ochran\u011b osobn\u00edch \u00fadaj\u016f, pou\u017eit\u00ed cookie a pr\u00e1vn\u00edch n\u00e1le\u017eitostech v souladu s EU regulacemi.","breadcrumb":{"@id":"https:\/\/specialpapers.fedrigoni.com\/cze\/privacy-policy\/#breadcrumb"},"inLanguage":"cs","potentialAction":[{"@type":"ReadAction","target":["https:\/\/specialpapers.fedrigoni.com\/cze\/privacy-policy\/"]}]},{"@type":"BreadcrumbList","@id":"https:\/\/specialpapers.fedrigoni.com\/cze\/privacy-policy\/#breadcrumb","itemListElement":[{"@type":"ListItem","position":1,"name":"Home","item":"https:\/\/specialpapers.fedrigoni.com\/cze\/"},{"@type":"ListItem","position":2,"name":"Privacy Policy"}]},{"@type":"WebSite","@id":"https:\/\/specialpapers.fedrigoni.com\/cze\/#website","url":"https:\/\/specialpapers.fedrigoni.com\/cze\/","name":"Fedrigoni Special Papers","description":"Elevating Creativity","potentialAction":[{"@type":"SearchAction","target":{"@type":"EntryPoint","urlTemplate":"https:\/\/specialpapers.fedrigoni.com\/cze\/?s={search_term_string}"},"query-input":{"@type":"PropertyValueSpecification","valueRequired":true,"valueName":"search_term_string"}}],"inLanguage":"cs"}]}},"_links":{"self":[{"href":"https:\/\/specialpapers.fedrigoni.com\/cze\/wp-json\/wp\/v2\/pages\/30759","targetHints":{"allow":["GET"]}}],"collection":[{"href":"https:\/\/specialpapers.fedrigoni.com\/cze\/wp-json\/wp\/v2\/pages"}],"about":[{"href":"https:\/\/specialpapers.fedrigoni.com\/cze\/wp-json\/wp\/v2\/types\/page"}],"author":[{"embeddable":true,"href":"https:\/\/specialpapers.fedrigoni.com\/cze\/wp-json\/wp\/v2\/users\/7"}],"replies":[{"embeddable":true,"href":"https:\/\/specialpapers.fedrigoni.com\/cze\/wp-json\/wp\/v2\/comments?post=30759"}],"version-history":[{"count":0,"href":"https:\/\/specialpapers.fedrigoni.com\/cze\/wp-json\/wp\/v2\/pages\/30759\/revisions"}],"wp:attachment":[{"href":"https:\/\/specialpapers.fedrigoni.com\/cze\/wp-json\/wp\/v2\/media?parent=30759"}],"curies":[{"name":"wp","href":"https:\/\/api.w.org\/{rel}","templated":true}]}}