{"id":30772,"date":"2021-09-28T09:11:00","date_gmt":"2021-09-28T09:11:00","guid":{"rendered":"https:\/\/specialpapers.fedrigoni.com\/resources\/"},"modified":"2025-11-07T10:55:28","modified_gmt":"2025-11-07T10:55:28","slug":"resources","status":"publish","type":"page","link":"https:\/\/specialpapers.fedrigoni.com\/cze\/resources\/","title":{"rendered":"Resources"},"content":{"rendered":"","protected":false},"excerpt":{"rendered":"","protected":false},"author":7,"featured_media":0,"parent":0,"menu_order":0,"comment_status":"closed","ping_status":"closed","template":"page-resources.php","meta":{"_acf_changed":false,"footnotes":""},"class_list":["post-30772","page","type-page","status-publish","hentry"],"acf":[],"yoast_head":"<!-- This site is optimized with the Yoast SEO plugin v27.3 - https:\/\/yoast.com\/product\/yoast-seo-wordpress\/ -->\n<title>Resources - CZE | Special Papers<\/title>\n<meta name=\"description\" content=\"St\u00e1hn\u011bte si certifik\u00e1ty, ICC profily a technick\u00e9 \u00fadaje v\u00fdrobk\u016f a z\u00edskejte ve\u0161ker\u00e9 kl\u00ed\u010dov\u00e9 dokumenty pot\u0159ebn\u00e9 pro v\u00fdb\u011br ...\" \/>\n<meta name=\"robots\" content=\"index, follow, max-snippet:-1, max-image-preview:large, max-video-preview:-1\" \/>\n<link rel=\"canonical\" href=\"https:\/\/specialpapers.fedrigoni.com\/cze\/resources\/\" \/>\n<meta property=\"og:locale\" content=\"cs_CZ\" \/>\n<meta property=\"og:type\" content=\"article\" \/>\n<meta property=\"og:title\" content=\"Resources - CZE | Special Papers\" \/>\n<meta property=\"og:description\" content=\"St\u00e1hn\u011bte si certifik\u00e1ty, ICC profily a technick\u00e9 \u00fadaje v\u00fdrobk\u016f a z\u00edskejte ve\u0161ker\u00e9 kl\u00ed\u010dov\u00e9 dokumenty pot\u0159ebn\u00e9 pro v\u00fdb\u011br pr\u00e9miov\u00fdch pap\u00edr\u016f.\" \/>\n<meta property=\"og:url\" content=\"https:\/\/specialpapers.fedrigoni.com\/cze\/resources\/\" \/>\n<meta property=\"og:site_name\" content=\"Fedrigoni Special Papers\" \/>\n<meta property=\"article:modified_time\" content=\"2025-11-07T10:55:28+00:00\" \/>\n<meta property=\"og:image\" content=\"https:\/\/specialpapers.fedrigoni.com\/wp-content\/uploads\/2021\/09\/Banner-HP-ladder.jpg\" \/>\n\t<meta property=\"og:image:width\" content=\"2200\" \/>\n\t<meta property=\"og:image:height\" content=\"1467\" \/>\n\t<meta property=\"og:image:type\" content=\"image\/jpeg\" \/>\n<meta name=\"twitter:card\" content=\"summary_large_image\" \/>\n<script type=\"application\/ld+json\" class=\"yoast-schema-graph\">{\"@context\":\"https:\\\/\\\/schema.org\",\"@graph\":[{\"@type\":[\"WebPage\",\"ProfilePage\"],\"@id\":\"https:\\\/\\\/specialpapers.fedrigoni.com\\\/cze\\\/resources\\\/\",\"url\":\"https:\\\/\\\/specialpapers.fedrigoni.com\\\/cze\\\/resources\\\/\",\"name\":\"Resources - CZE | Special Papers\",\"isPartOf\":{\"@id\":\"https:\\\/\\\/specialpapers.fedrigoni.com\\\/cze\\\/#website\"},\"datePublished\":\"2021-09-28T09:11:00+00:00\",\"dateModified\":\"2025-11-07T10:55:28+00:00\",\"description\":\"St\u00e1hn\u011bte si certifik\u00e1ty, ICC profily a technick\u00e9 \u00fadaje v\u00fdrobk\u016f a z\u00edskejte ve\u0161ker\u00e9 kl\u00ed\u010dov\u00e9 dokumenty pot\u0159ebn\u00e9 pro v\u00fdb\u011br pr\u00e9miov\u00fdch pap\u00edr\u016f.\",\"breadcrumb\":{\"@id\":\"https:\\\/\\\/specialpapers.fedrigoni.com\\\/cze\\\/resources\\\/#breadcrumb\"},\"inLanguage\":\"cs\",\"potentialAction\":[{\"@type\":\"ReadAction\",\"target\":[\"https:\\\/\\\/specialpapers.fedrigoni.com\\\/cze\\\/resources\\\/\"]}]},{\"@type\":\"BreadcrumbList\",\"@id\":\"https:\\\/\\\/specialpapers.fedrigoni.com\\\/cze\\\/resources\\\/#breadcrumb\",\"itemListElement\":[{\"@type\":\"ListItem\",\"position\":1,\"name\":\"Home\",\"item\":\"https:\\\/\\\/specialpapers.fedrigoni.com\\\/cze\\\/\"},{\"@type\":\"ListItem\",\"position\":2,\"name\":\"Resources\"}]},{\"@type\":\"WebSite\",\"@id\":\"https:\\\/\\\/specialpapers.fedrigoni.com\\\/cze\\\/#website\",\"url\":\"https:\\\/\\\/specialpapers.fedrigoni.com\\\/cze\\\/\",\"name\":\"Fedrigoni Special Papers\",\"description\":\"Elevating Creativity\",\"potentialAction\":[{\"@type\":\"SearchAction\",\"target\":{\"@type\":\"EntryPoint\",\"urlTemplate\":\"https:\\\/\\\/specialpapers.fedrigoni.com\\\/cze\\\/?s={search_term_string}\"},\"query-input\":{\"@type\":\"PropertyValueSpecification\",\"valueRequired\":true,\"valueName\":\"search_term_string\"}}],\"inLanguage\":\"cs\"}]}<\/script>\n<!-- \/ Yoast SEO plugin. -->","yoast_head_json":{"title":"Resources - CZE | Special Papers","description":"St\u00e1hn\u011bte si certifik\u00e1ty, ICC profily a technick\u00e9 \u00fadaje v\u00fdrobk\u016f a z\u00edskejte ve\u0161ker\u00e9 kl\u00ed\u010dov\u00e9 dokumenty pot\u0159ebn\u00e9 pro v\u00fdb\u011br ...","robots":{"index":"index","follow":"follow","max-snippet":"max-snippet:-1","max-image-preview":"max-image-preview:large","max-video-preview":"max-video-preview:-1"},"canonical":"https:\/\/specialpapers.fedrigoni.com\/cze\/resources\/","og_locale":"cs_CZ","og_type":"article","og_title":"Resources - CZE | Special Papers","og_description":"St\u00e1hn\u011bte si certifik\u00e1ty, ICC profily a technick\u00e9 \u00fadaje v\u00fdrobk\u016f a z\u00edskejte ve\u0161ker\u00e9 kl\u00ed\u010dov\u00e9 dokumenty pot\u0159ebn\u00e9 pro v\u00fdb\u011br pr\u00e9miov\u00fdch pap\u00edr\u016f.","og_url":"https:\/\/specialpapers.fedrigoni.com\/cze\/resources\/","og_site_name":"Fedrigoni Special Papers","article_modified_time":"2025-11-07T10:55:28+00:00","og_image":[{"width":2200,"height":1467,"url":"https:\/\/specialpapers.fedrigoni.com\/wp-content\/uploads\/2021\/09\/Banner-HP-ladder.jpg","type":"image\/jpeg"}],"twitter_card":"summary_large_image","schema":{"@context":"https:\/\/schema.org","@graph":[{"@type":["WebPage","ProfilePage"],"@id":"https:\/\/specialpapers.fedrigoni.com\/cze\/resources\/","url":"https:\/\/specialpapers.fedrigoni.com\/cze\/resources\/","name":"Resources - CZE | Special Papers","isPartOf":{"@id":"https:\/\/specialpapers.fedrigoni.com\/cze\/#website"},"datePublished":"2021-09-28T09:11:00+00:00","dateModified":"2025-11-07T10:55:28+00:00","description":"St\u00e1hn\u011bte si certifik\u00e1ty, ICC profily a technick\u00e9 \u00fadaje v\u00fdrobk\u016f a z\u00edskejte ve\u0161ker\u00e9 kl\u00ed\u010dov\u00e9 dokumenty pot\u0159ebn\u00e9 pro v\u00fdb\u011br pr\u00e9miov\u00fdch pap\u00edr\u016f.","breadcrumb":{"@id":"https:\/\/specialpapers.fedrigoni.com\/cze\/resources\/#breadcrumb"},"inLanguage":"cs","potentialAction":[{"@type":"ReadAction","target":["https:\/\/specialpapers.fedrigoni.com\/cze\/resources\/"]}]},{"@type":"BreadcrumbList","@id":"https:\/\/specialpapers.fedrigoni.com\/cze\/resources\/#breadcrumb","itemListElement":[{"@type":"ListItem","position":1,"name":"Home","item":"https:\/\/specialpapers.fedrigoni.com\/cze\/"},{"@type":"ListItem","position":2,"name":"Resources"}]},{"@type":"WebSite","@id":"https:\/\/specialpapers.fedrigoni.com\/cze\/#website","url":"https:\/\/specialpapers.fedrigoni.com\/cze\/","name":"Fedrigoni Special Papers","description":"Elevating Creativity","potentialAction":[{"@type":"SearchAction","target":{"@type":"EntryPoint","urlTemplate":"https:\/\/specialpapers.fedrigoni.com\/cze\/?s={search_term_string}"},"query-input":{"@type":"PropertyValueSpecification","valueRequired":true,"valueName":"search_term_string"}}],"inLanguage":"cs"}]}},"_links":{"self":[{"href":"https:\/\/specialpapers.fedrigoni.com\/cze\/wp-json\/wp\/v2\/pages\/30772","targetHints":{"allow":["GET"]}}],"collection":[{"href":"https:\/\/specialpapers.fedrigoni.com\/cze\/wp-json\/wp\/v2\/pages"}],"about":[{"href":"https:\/\/specialpapers.fedrigoni.com\/cze\/wp-json\/wp\/v2\/types\/page"}],"author":[{"embeddable":true,"href":"https:\/\/specialpapers.fedrigoni.com\/cze\/wp-json\/wp\/v2\/users\/7"}],"replies":[{"embeddable":true,"href":"https:\/\/specialpapers.fedrigoni.com\/cze\/wp-json\/wp\/v2\/comments?post=30772"}],"version-history":[{"count":0,"href":"https:\/\/specialpapers.fedrigoni.com\/cze\/wp-json\/wp\/v2\/pages\/30772\/revisions"}],"wp:attachment":[{"href":"https:\/\/specialpapers.fedrigoni.com\/cze\/wp-json\/wp\/v2\/media?parent=30772"}],"curies":[{"name":"wp","href":"https:\/\/api.w.org\/{rel}","templated":true}]}}