{"id":30905,"date":"2021-08-25T10:34:17","date_gmt":"2021-08-25T10:34:17","guid":{"rendered":"https:\/\/specialpapers.fedrigoni.com\/inspire-me\/"},"modified":"2021-12-09T14:43:27","modified_gmt":"2021-12-09T14:43:27","slug":"inspire-me","status":"publish","type":"page","link":"https:\/\/specialpapers.fedrigoni.com\/cze\/inspire-me\/","title":{"rendered":"Inspirujte se<!--Inspire Me-->"},"content":{"rendered":"<p><strong>Nekone\u010dn\u00e9 mo\u017enosti<\/strong><\/p>\n<p>Zav\u0159ete o\u010di a a nechte se vt\u00e1hnout do sv\u011bta Fedrigoni Special Papers. \u010cek\u00e1 na v\u00e1s cesta nekone\u010dn\u00fdch kreativn\u00edch mo\u017enost\u00ed. P\u0159\u00edb\u011bhy, kter\u00e9 budete vn\u00edmat v\u0161emi smysly. Projekty, kter\u00e9 vypr\u00e1v\u011bj\u00ed p\u0159\u00edb\u011bh va\u0161eho (a na\u0161eho) um\u011bn\u00ed.<\/p>\n<p>POLL<\/p>\n<p>Jak byste popsali sv\u016fj z\u00e1jem o pap\u00edr Fedrigoni?<\/p>\n<p><!--<strong>Infinite possibilities<\/strong>\n\nClose your eyes and open them again to the world of Fedrigoni Special Papers. A journey of infinite creative possibilities awaits you. Stories to relive with all your senses. Projects that tell the story of your (and our) art.\n\nPOLL\nHow would you describe your interest in Fedrigoni Special Paperss?--><\/p>\n","protected":false},"excerpt":{"rendered":"<p>Nekone\u010dn\u00e9 mo\u017enosti Zav\u0159ete o\u010di a a nechte se vt\u00e1hnout do sv\u011bta Fedrigoni Special Papers. \u010cek\u00e1 na v\u00e1s cesta nekone\u010dn\u00fdch kreativn\u00edch mo\u017enost\u00ed. P\u0159\u00edb\u011bhy, kter\u00e9 budete vn\u00edmat v\u0161emi smysly. Projekty, kter\u00e9 vypr\u00e1v\u011bj\u00ed p\u0159\u00edb\u011bh va\u0161eho (a na\u0161eho) um\u011bn\u00ed. POLL Jak byste popsali sv\u016fj z\u00e1jem o pap\u00edr Fedrigoni?<\/p>\n","protected":false},"author":7,"featured_media":0,"parent":0,"menu_order":0,"comment_status":"closed","ping_status":"closed","template":"","meta":{"_acf_changed":false,"footnotes":""},"class_list":["post-30905","page","type-page","status-publish","hentry"],"acf":[],"yoast_head":"<!-- This site is optimized with the Yoast SEO plugin v27.3 - https:\/\/yoast.com\/product\/yoast-seo-wordpress\/ -->\n<title>Inspirujte se<\/title>\n<meta name=\"robots\" content=\"index, follow, max-snippet:-1, max-image-preview:large, max-video-preview:-1\" \/>\n<link rel=\"canonical\" href=\"https:\/\/specialpapers.fedrigoni.com\/cze\/inspire-me\/\" \/>\n<meta property=\"og:locale\" content=\"cs_CZ\" \/>\n<meta property=\"og:type\" content=\"article\" \/>\n<meta property=\"og:title\" content=\"Inspirujte se\" \/>\n<meta property=\"og:description\" content=\"Nekone\u010dn\u00e9 mo\u017enosti Zav\u0159ete o\u010di a a nechte se vt\u00e1hnout do sv\u011bta Fedrigoni Special Papers. \u010cek\u00e1 na v\u00e1s cesta nekone\u010dn\u00fdch kreativn\u00edch mo\u017enost\u00ed. P\u0159\u00edb\u011bhy, kter\u00e9 budete vn\u00edmat v\u0161emi smysly. Projekty, kter\u00e9 vypr\u00e1v\u011bj\u00ed p\u0159\u00edb\u011bh va\u0161eho (a na\u0161eho) um\u011bn\u00ed. POLL Jak byste popsali sv\u016fj z\u00e1jem o pap\u00edr Fedrigoni?\" \/>\n<meta property=\"og:url\" content=\"https:\/\/specialpapers.fedrigoni.com\/cze\/inspire-me\/\" \/>\n<meta property=\"og:site_name\" content=\"Fedrigoni Special Papers\" \/>\n<meta property=\"article:modified_time\" content=\"2021-12-09T14:43:27+00:00\" \/>\n<meta property=\"og:image\" content=\"https:\/\/specialpapers.fedrigoni.com\/wp-content\/uploads\/2021\/09\/Banner-HP-ladder.jpg\" \/>\n\t<meta property=\"og:image:width\" content=\"2200\" \/>\n\t<meta property=\"og:image:height\" content=\"1467\" \/>\n\t<meta property=\"og:image:type\" content=\"image\/jpeg\" \/>\n<meta name=\"twitter:card\" content=\"summary_large_image\" \/>\n<script type=\"application\/ld+json\" class=\"yoast-schema-graph\">{\"@context\":\"https:\\\/\\\/schema.org\",\"@graph\":[{\"@type\":[\"WebPage\",\"ProfilePage\"],\"@id\":\"https:\\\/\\\/specialpapers.fedrigoni.com\\\/cze\\\/inspire-me\\\/\",\"url\":\"https:\\\/\\\/specialpapers.fedrigoni.com\\\/cze\\\/inspire-me\\\/\",\"name\":\"Inspirujte se\",\"isPartOf\":{\"@id\":\"https:\\\/\\\/specialpapers.fedrigoni.com\\\/cze\\\/#website\"},\"datePublished\":\"2021-08-25T10:34:17+00:00\",\"dateModified\":\"2021-12-09T14:43:27+00:00\",\"breadcrumb\":{\"@id\":\"https:\\\/\\\/specialpapers.fedrigoni.com\\\/cze\\\/inspire-me\\\/#breadcrumb\"},\"inLanguage\":\"cs\",\"potentialAction\":[{\"@type\":\"ReadAction\",\"target\":[\"https:\\\/\\\/specialpapers.fedrigoni.com\\\/cze\\\/inspire-me\\\/\"]}]},{\"@type\":\"BreadcrumbList\",\"@id\":\"https:\\\/\\\/specialpapers.fedrigoni.com\\\/cze\\\/inspire-me\\\/#breadcrumb\",\"itemListElement\":[{\"@type\":\"ListItem\",\"position\":1,\"name\":\"Home\",\"item\":\"https:\\\/\\\/specialpapers.fedrigoni.com\\\/cze\\\/\"},{\"@type\":\"ListItem\",\"position\":2,\"name\":\"Inspirujte se\"}]},{\"@type\":\"WebSite\",\"@id\":\"https:\\\/\\\/specialpapers.fedrigoni.com\\\/cze\\\/#website\",\"url\":\"https:\\\/\\\/specialpapers.fedrigoni.com\\\/cze\\\/\",\"name\":\"Fedrigoni Special Papers\",\"description\":\"Elevating Creativity\",\"potentialAction\":[{\"@type\":\"SearchAction\",\"target\":{\"@type\":\"EntryPoint\",\"urlTemplate\":\"https:\\\/\\\/specialpapers.fedrigoni.com\\\/cze\\\/?s={search_term_string}\"},\"query-input\":{\"@type\":\"PropertyValueSpecification\",\"valueRequired\":true,\"valueName\":\"search_term_string\"}}],\"inLanguage\":\"cs\"}]}<\/script>\n<!-- \/ Yoast SEO plugin. -->","yoast_head_json":{"title":"Inspirujte se","robots":{"index":"index","follow":"follow","max-snippet":"max-snippet:-1","max-image-preview":"max-image-preview:large","max-video-preview":"max-video-preview:-1"},"canonical":"https:\/\/specialpapers.fedrigoni.com\/cze\/inspire-me\/","og_locale":"cs_CZ","og_type":"article","og_title":"Inspirujte se","og_description":"Nekone\u010dn\u00e9 mo\u017enosti Zav\u0159ete o\u010di a a nechte se vt\u00e1hnout do sv\u011bta Fedrigoni Special Papers. \u010cek\u00e1 na v\u00e1s cesta nekone\u010dn\u00fdch kreativn\u00edch mo\u017enost\u00ed. P\u0159\u00edb\u011bhy, kter\u00e9 budete vn\u00edmat v\u0161emi smysly. Projekty, kter\u00e9 vypr\u00e1v\u011bj\u00ed p\u0159\u00edb\u011bh va\u0161eho (a na\u0161eho) um\u011bn\u00ed. POLL Jak byste popsali sv\u016fj z\u00e1jem o pap\u00edr Fedrigoni?","og_url":"https:\/\/specialpapers.fedrigoni.com\/cze\/inspire-me\/","og_site_name":"Fedrigoni Special Papers","article_modified_time":"2021-12-09T14:43:27+00:00","og_image":[{"width":2200,"height":1467,"url":"https:\/\/specialpapers.fedrigoni.com\/wp-content\/uploads\/2021\/09\/Banner-HP-ladder.jpg","type":"image\/jpeg"}],"twitter_card":"summary_large_image","schema":{"@context":"https:\/\/schema.org","@graph":[{"@type":["WebPage","ProfilePage"],"@id":"https:\/\/specialpapers.fedrigoni.com\/cze\/inspire-me\/","url":"https:\/\/specialpapers.fedrigoni.com\/cze\/inspire-me\/","name":"Inspirujte se","isPartOf":{"@id":"https:\/\/specialpapers.fedrigoni.com\/cze\/#website"},"datePublished":"2021-08-25T10:34:17+00:00","dateModified":"2021-12-09T14:43:27+00:00","breadcrumb":{"@id":"https:\/\/specialpapers.fedrigoni.com\/cze\/inspire-me\/#breadcrumb"},"inLanguage":"cs","potentialAction":[{"@type":"ReadAction","target":["https:\/\/specialpapers.fedrigoni.com\/cze\/inspire-me\/"]}]},{"@type":"BreadcrumbList","@id":"https:\/\/specialpapers.fedrigoni.com\/cze\/inspire-me\/#breadcrumb","itemListElement":[{"@type":"ListItem","position":1,"name":"Home","item":"https:\/\/specialpapers.fedrigoni.com\/cze\/"},{"@type":"ListItem","position":2,"name":"Inspirujte se"}]},{"@type":"WebSite","@id":"https:\/\/specialpapers.fedrigoni.com\/cze\/#website","url":"https:\/\/specialpapers.fedrigoni.com\/cze\/","name":"Fedrigoni Special Papers","description":"Elevating Creativity","potentialAction":[{"@type":"SearchAction","target":{"@type":"EntryPoint","urlTemplate":"https:\/\/specialpapers.fedrigoni.com\/cze\/?s={search_term_string}"},"query-input":{"@type":"PropertyValueSpecification","valueRequired":true,"valueName":"search_term_string"}}],"inLanguage":"cs"}]}},"_links":{"self":[{"href":"https:\/\/specialpapers.fedrigoni.com\/cze\/wp-json\/wp\/v2\/pages\/30905","targetHints":{"allow":["GET"]}}],"collection":[{"href":"https:\/\/specialpapers.fedrigoni.com\/cze\/wp-json\/wp\/v2\/pages"}],"about":[{"href":"https:\/\/specialpapers.fedrigoni.com\/cze\/wp-json\/wp\/v2\/types\/page"}],"author":[{"embeddable":true,"href":"https:\/\/specialpapers.fedrigoni.com\/cze\/wp-json\/wp\/v2\/users\/7"}],"replies":[{"embeddable":true,"href":"https:\/\/specialpapers.fedrigoni.com\/cze\/wp-json\/wp\/v2\/comments?post=30905"}],"version-history":[{"count":0,"href":"https:\/\/specialpapers.fedrigoni.com\/cze\/wp-json\/wp\/v2\/pages\/30905\/revisions"}],"wp:attachment":[{"href":"https:\/\/specialpapers.fedrigoni.com\/cze\/wp-json\/wp\/v2\/media?parent=30905"}],"curies":[{"name":"wp","href":"https:\/\/api.w.org\/{rel}","templated":true}]}}