{"id":38162,"date":"2022-02-07T08:08:11","date_gmt":"2022-02-07T08:08:11","guid":{"rendered":"https:\/\/specialpapers.fedrigoni.com\/terms-conditions\/"},"modified":"2022-03-01T14:36:55","modified_gmt":"2022-03-01T14:36:55","slug":"termini-condizioni","status":"publish","type":"page","link":"https:\/\/specialpapers.fedrigoni.com\/ita\/termini-condizioni\/","title":{"rendered":"Termini &#038; Condizioni"},"content":{"rendered":"<p><strong>1. ORDINE DI ACQUISTO<\/strong><br \/>\nFedrigoni S.p.A. (di seguito anche denominata per brevit\u00e0 Fornitore) potr\u00e0 accettare esclusivamente gli ordini completati in ogni loro parte. Nel caso di temporanea indisponibilit\u00e0 dei prodotti, il Fornitore si impegna ad informare tempestivamente il Cliente.<\/p>\n<p><strong>2. CONCLUSIONE DEL CONTRATTO<\/strong><br \/>\nIl contratto di compravendita si considera concluso con (i) l&#8217;invio da parte del Fornitore al Cliente della conferma d&#8217;ordine per gli ordini di apposite fabbricazioni; (ii) la ricezione (telefonica, telematica o via fax) dell&#8217;ordine da parte del Fornitore per gli ordini di articoli di listino. La conferma d&#8217;ordine, quando effettuata, verr\u00e0 inviata attraverso e-mail o fax all&#8217;indirizzo ed al numero di fax indicati dal Cliente nell&#8217;ordine. In caso di invio a mezzo fax, far\u00e0 fede, ad ogni effetto, il messaggio attestante il buon esito dell&#8217;invio del fax fornito dalla macchina del mittente. In caso di controversia in ordine alla conclusione del contratto, faranno fede esclusivamente le risultanze documentali, elettroniche ed informatiche presso il Fornitore.<\/p>\n<p><strong>3. CONSEGNA DELLA MERCE<\/strong><br \/>\nSalvo diversa indicazione del Cliente al momento dell&#8217;ordine, la consegna della merce verr\u00e0 effettuata nel luogo indicato dal Cliente stesso nell&#8217;ordine a mezzo di un vettore scelto dal Fornitore. La consegna della merce ordinata avverr\u00e0, laddove possibile, nel termine indicato dal Cliente al momento dell&#8217;ordine, ovvero nel diverso termine indicato dal Fornitore. Il Cliente prende atto che i termini di consegna sono da intendersi meramente indicativi, non possono in alcun modo ritenersi essenziali e non impegnano in alcun modo il Fornitore. Il Cliente non potr\u00e0 pertanto eccepire alcunch\u00e9 in ordine ai termini effettivi di consegna dei prodotti acquistati, n\u00e9 richiedere la risoluzione del contratto e\/o il risarcimento dei danni per ritardi rientranti, secondo gli usi, nella normale tolleranza. Salvo diversa espressa disposizione del Cliente, il Fornitore si riserva il diritto di evadere l&#8217;ordine anche attraverso consegne parziali.<\/p>\n<p><strong>4. TRASPORTO ED ASSICURAZIONI<\/strong><br \/>\nPer quanto riguarda le transazioni commerciali nazionali e in mancanza di diversi specifici accordi, il Fornitore adempie la propria obbligazione, consegnando i beni oggetto del contratto al vettore. Dal momento della consegna della merce al vettore, il rischio del perimento dei beni passa a carico esclusivo del Cliente, che, d&#8217;altra parte, prende altres\u00ec atto che la merce viaggia non coperta da alcuna garanzia assicurativa. Per le transazioni commerciali internazionali si fa invece riferimento agli specifici accordi perfezionati tra Fornitore e Cliente relativamente alle condizioni di resa e ai relativi INCOTERMS 2020.<\/p>\n<p><strong>5. MODALIT\u00c0, TERMINI DI PAGAMENTO E PREZZI<\/strong><br \/>\nIl Cliente dovr\u00e0 provvedere al pagamento della merce ordinata e consegnatagli con le modalit\u00e0 e nei termini stabiliti nell&#8217;ordine. Non potranno essere modificati termini e modalit\u00e0 di pagamento relativi a contratti gi\u00e0 conclusi.<br \/>\nI prezzi dei prodotti indicati nel listino prezzi e\/o nel preventivo non sono vincolanti per il Fornitore il quale, fino all\u2019invio della conferma d\u2019ordine, potr\u00e0 insindacabilmente modificarli per effetto di intervenuti incrementi nel prezzo delle materie prime e\/o dei materiali necessari alla realizzazione dei prodotti, ovvero per l\u2019aumento di tasse, imposte o oneri, inclusi quelli doganali, eventualmente stabiliti da qualsiasi autorit\u00e0 italiana o straniera. Il Fornitore e il Cliente si impegnano a rivedere in buona fede il prezzo dei prodotti nel caso in cui, successivamente alla conferma d\u2019ordine, si verifichi (i) un aumento di tasse, imposte o oneri, inclusi quelli doganali, eventualmente stabiliti da qualsiasi autorit\u00e0 italiana o straniera; e\/o (ii) l\u2019introduzione di nuove tasse, imposte o oneri in relazione ai prodotti; e\/o (iii) un incremento dei prezzi delle materie prime, costi di trasporto o altri costi che causino un aumento significativo dei prezzi di cui alla conferma d\u2019ordine; e\/o (iv) una variazione significativa dei tassi di cambio che incida sul prezzo dei prodotti.<br \/>\nSalva diversa indicazione del Fornitore, il prezzo delle forniture dovr\u00e0 essere pagato presso la sede amministrativa di Fedrigoni S.p.A. in Verona, Via Enrico Fermi 13\/F. Ogni ordine o consegna deve ritenersi autonomo ed indipendente da ogni altro ordine o consegna. Qualsiasi controversia insorta tra il Cliente ed il Fornitore non pu\u00f2 in alcun caso consentire al primo di sospendere il pagamento dei altre fatture o della parte non controversa della fattura oggetto di contestazione. In caso di ritardato pagamento, il Fornitore avr\u00e0 diritto di percepire gli interessi moratori per ritardato pagamento al saggio indicato dall&#8217;art. 5 del D.Lgs. 09.10.2002 n. 231. Gli interessi moratori decorreranno automaticamente, senza necessit\u00e0 di messa in mora, dalla scadenza del termine di pagamento indicato in fattura e\/o dalla scadenza delle singole ricevute bancarie eventualmente emesse ai sensi del D.Lgs. n. 231\/02. Il Fornitore avr\u00e0 altres\u00ec diritto ad ottenere il rimborso dei costi dallo stesso sostenuti anche a titolo di spese legali per il recupero delle somme non tempestivamente corrispostegli oltre al maggior danno eventualmente subito ai sensi dell&#8217;art. 6 del D.Lgs. n. 231\/02.<\/p>\n<p><strong>6. MUTAMENTO DELLE CONDIZIONI PATRIMONIALI DEL CLIENTE &#8211; DIRITTO DI RECESSO DEL FORNITORE<\/strong><br \/>\nFedrigoni S.p.A., ai sensi dell&#8217;art. 1461 c.c., si riserva il diritto di sospendere l&#8217;esecuzione della prestazione dalla stessa, dovuta in virt\u00f9 di contratti gi\u00e0 conclusi, laddove abbia ricevuto notizie, comunque apprese, relative a mutamenti delle condizioni patrimoniali del Cliente tali da porre in pericolo il conseguimento della controprestazione. Nel caso in cui il Fornitore si dovesse avvalere della suddetta cautela ne dar\u00e0 tempestiva comunicazione al Cliente invitandolo a fornire spiegazioni in ordine alle circostanze pregiudizievoli che lo riguardano ed, in ogni caso, a prestare idonea garanzia reale e\/o personale Laddove il Cliente non dovesse prestare la garanzia richiesta, il Fornitore potr\u00e0 recedere dal contratto con effetto immediato dietro semplice comunicazione scritta.<\/p>\n<p><strong>7. VIZI DELLA MERCE &#8211; DENUNCIA ED ACCERTAMENTO<\/strong><br \/>\nFedrigoni S.p.A. garantisce l&#8217;elevata qualit\u00e0 delle carte speciali dalla stessa prodotte ed eccellenti standard produttivi. In particolare, Fedrigoni S.p.A. effettua severi controlli qualitativi sia in fase di produzione che in fase di stoccaggio al fine di garantire un prodotto il pi\u00f9 possibile esente da vizi e\/o difetti di fabbricazione. Ci\u00f2 nondimeno, il Cliente \u00e8 tenuto ad esaminare, controllare ed ispezionare accuratamente i beni consegnatigli. Qualunque vizio e\/o difetto e\/o mancanza delle qualit\u00e0 promesse della merce dovr\u00e0 essere denunciato dal Cliente, a pena di decadenza, entro 8 giorni dalla consegna della merce se il vizio e\/o difetto \u00e8 palese o entro 8 giorni dalla constatazione se occulto e\/o riscontrabile solo al momento dell&#8217;utilizzo del prodotto consegnato. In ogni caso detto ultimo termine non pu\u00f2 eccedere i 2 (due) mesi dalla consegna. La denuncia deve essere effettuata in forma scritta, indirizzata alla sede amministrativa di Fedrigoni S.p.A. o alla filiale di competenza e dovr\u00e0 contenere la dettagliata descrizione della natura e dell&#8217;entit\u00e0 del vizio e\/o difetto lamentato, l&#8217;etichetta di identificazione del prodotto nonch\u00e9 la copia del documento di trasporto o della fattura. La comunicazione priva delle caratteristiche e dei contenuti sopra indicati non potr\u00e0 essere ritenuta valida denuncia e non sar\u00e0 pertanto idonea ad evitare la decorrenza dei termini di decadenza sopra fissati. Il Cliente dovr\u00e0 mantenere a disposizione del Fornitore i beni consegnatigli per consentire i necessari accertamenti. A seguito del ricevimento di una regolare comunicazione Fedrigoni S.p.A. si impegna ad effettuare, nel pi\u00f9 breve tempo possibile, i controlli tecnici e qualitativi presso i propri laboratori. L&#8217;esito delle verifiche verr\u00e0 tempestivamente comunicato per iscritto al Cliente. Nel caso in cui le conclusioni del procedimento di verifica siano contestate dal Cliente, le parti convengono che una ulteriore verifica sia demandata in via esclusiva e definitiva alla Stazione Sperimentale per la cellulosa, carta e fibre tessili vegetali e artificiali di Milano. L&#8217;esito dell&#8217;accertamento svolto dal suddetto istituto sar\u00e0 vincolante per le parti quanto all&#8217;esistenza del vizio lamentato ed alla attribuibilit\u00e0 dello stesso al Fornitore o al Cliente.<\/p>\n<p><strong>8. LIMITAZIONE DI RESPONSABILIT\u00c0 &#8211; DANNI RISARCIBILI<\/strong><br \/>\nIn caso di vizio riconosciuto da Fedrigoni S.p.A. o accertato dal Stazione Sperimentale per la cellulosa, carta e fibre tessili vegetali e artificiali di Milano, il Fornitore sar\u00e0 tenuto esclusivamente alla sostituzione della merce. In ogni caso Fedrigoni S.p.A. risponder\u00e0 esclusivamente nei limiti del valore della merce fornita ed accertata come difettosa.<\/p>\n<p><strong>9. PESI E MISURE<\/strong><br \/>\nI pesi possono essere espressi in numero fogli, numero risme, etc..; le quantit\u00e0 in kg \/ ton. Il rapporto tra di essi \u00e8 conseguenza del calcolo matematico (peso teorico).<\/p>\n<p><strong>10. USI<\/strong><br \/>\nPer quanto non previsto nelle presenti condizioni generali di vendita valgono gli usi e consuetudini dell&#8217;Industria e Commercio della carta di Milano e le Condizioni generali di vendita per i fabbricanti di carte e cartoni della Comunit\u00e0 Europea (CEPAC).<\/p>\n<p><strong>11. FORZA MAGGIORE<\/strong><br \/>\nOgni impegno si intende assunto salvo impedimenti dovuti a causa di forza maggiore: si considerano tali, in via del tutto esemplificativa, piene e magre nei corsi d&#8217;acqua, mancanza di energia elettrica, interruzioni stradali e ferroviarie, guerre, incendi, scioperi, deficienze di materie prime, ecc. Verificandosi un caso di forza maggiore \u00e8 facolt\u00e0 del Fornitore risolvere l&#8217;ordine o di eseguire la prestazione non appena possibile previo accordo con l&#8217;acquirente.<\/p>\n<p><strong>12. GIURISDIZIONE E COMPETENZA<\/strong><br \/>\nPer ogni controversia relativa alla interpretazione, applicazione ed esecuzione del presente contratto le parti eleggono la Giurisdizione Italiana e la competenza in via esclusiva del Foro di Verona, con ci\u00f2 intendendo le parti escludere i fori alternativi previsti dagli articoli 18, 19 e 20 codice di procedura civile.<\/p>\n<p><strong>13. LINGUA <\/strong><br \/>\nLe presenti condizioni generali di vendita possono essere tradotte nelle lingue necessarie. La versione italiana comunque prevarr\u00e0 in caso di ogni controversia.<\/p>\n<p>* * *<\/p>\n<p><strong>Il Cliente approva specificamente le previsioni di cui ai punti 2, 3, 4, 5, 6, 7, 8, 11 e 12.<\/strong><\/p>\n<p><strong><a href=\"https:\/\/specialpapers.fedrigoni.com\/wp-content\/uploads\/2022\/03\/TERMINI-E-CONDIZIONI-FEDRIGONI-SPA-_italia.pdf\" target=\"_blank\" rel=\"noopener noreferrer\" class=\"block-link link icon icon-after icon-arrow-down inline-block font-bold text-uppercase\"><span class=\"link-label icon-label\">scarica<\/span><\/a> i Termini e Condizioni Fedrigoni SpA <\/strong><\/p>\n<p>&nbsp;<\/p>\n","protected":false},"excerpt":{"rendered":"<p>1. ORDINE DI ACQUISTO Fedrigoni S.p.A. (di seguito anche denominata per brevit\u00e0 Fornitore) potr\u00e0 accettare esclusivamente gli ordini completati in ogni loro parte. Nel caso di temporanea indisponibilit\u00e0 dei prodotti, il Fornitore si impegna ad informare tempestivamente il Cliente. 2. CONCLUSIONE DEL CONTRATTO Il contratto di compravendita si considera concluso con (i) l&#8217;invio da parte&#8230;<\/p>\n","protected":false},"author":7,"featured_media":0,"parent":0,"menu_order":0,"comment_status":"closed","ping_status":"closed","template":"","meta":{"_acf_changed":false,"footnotes":""},"class_list":["post-38162","page","type-page","status-publish","hentry"],"acf":[],"yoast_head":"<!-- This site is optimized with the Yoast SEO plugin v27.4 - https:\/\/yoast.com\/product\/yoast-seo-wordpress\/ -->\n<title>Termini &amp; Condizioni<\/title>\n<meta name=\"robots\" content=\"index, follow, max-snippet:-1, max-image-preview:large, max-video-preview:-1\" \/>\n<link rel=\"canonical\" href=\"https:\/\/specialpapers.fedrigoni.com\/ita\/termini-condizioni\/\" \/>\n<meta property=\"og:locale\" content=\"it_IT\" \/>\n<meta property=\"og:type\" content=\"article\" \/>\n<meta property=\"og:title\" content=\"Termini &amp; Condizioni\" \/>\n<meta property=\"og:description\" content=\"1. ORDINE DI ACQUISTO Fedrigoni S.p.A. (di seguito anche denominata per brevit\u00e0 Fornitore) potr\u00e0 accettare esclusivamente gli ordini completati in ogni loro parte. Nel caso di temporanea indisponibilit\u00e0 dei prodotti, il Fornitore si impegna ad informare tempestivamente il Cliente. 2. CONCLUSIONE DEL CONTRATTO Il contratto di compravendita si considera concluso con (i) l&#8217;invio da parte...\" \/>\n<meta property=\"og:url\" content=\"https:\/\/specialpapers.fedrigoni.com\/ita\/termini-condizioni\/\" \/>\n<meta property=\"og:site_name\" content=\"Fedrigoni Special Papers\" \/>\n<meta property=\"article:modified_time\" content=\"2022-03-01T14:36:55+00:00\" \/>\n<meta property=\"og:image\" content=\"https:\/\/specialpapers.fedrigoni.com\/wp-content\/uploads\/2021\/09\/Banner-HP-ladder.jpg\" \/>\n\t<meta property=\"og:image:width\" content=\"2200\" \/>\n\t<meta property=\"og:image:height\" content=\"1467\" \/>\n\t<meta property=\"og:image:type\" content=\"image\/jpeg\" \/>\n<meta name=\"twitter:card\" content=\"summary_large_image\" \/>\n<meta name=\"twitter:label1\" content=\"Tempo di lettura stimato\" \/>\n\t<meta name=\"twitter:data1\" content=\"8 minuti\" \/>\n<script type=\"application\/ld+json\" class=\"yoast-schema-graph\">{\"@context\":\"https:\\\/\\\/schema.org\",\"@graph\":[{\"@type\":[\"WebPage\",\"ProfilePage\"],\"@id\":\"https:\\\/\\\/specialpapers.fedrigoni.com\\\/ita\\\/termini-condizioni\\\/\",\"url\":\"https:\\\/\\\/specialpapers.fedrigoni.com\\\/ita\\\/termini-condizioni\\\/\",\"name\":\"Termini & Condizioni\",\"isPartOf\":{\"@id\":\"https:\\\/\\\/specialpapers.fedrigoni.com\\\/ita\\\/#website\"},\"datePublished\":\"2022-02-07T08:08:11+00:00\",\"dateModified\":\"2022-03-01T14:36:55+00:00\",\"breadcrumb\":{\"@id\":\"https:\\\/\\\/specialpapers.fedrigoni.com\\\/ita\\\/termini-condizioni\\\/#breadcrumb\"},\"inLanguage\":\"it-IT\",\"potentialAction\":[{\"@type\":\"ReadAction\",\"target\":[\"https:\\\/\\\/specialpapers.fedrigoni.com\\\/ita\\\/termini-condizioni\\\/\"]}]},{\"@type\":\"BreadcrumbList\",\"@id\":\"https:\\\/\\\/specialpapers.fedrigoni.com\\\/ita\\\/termini-condizioni\\\/#breadcrumb\",\"itemListElement\":[{\"@type\":\"ListItem\",\"position\":1,\"name\":\"Home\",\"item\":\"https:\\\/\\\/specialpapers.fedrigoni.com\\\/ita\\\/\"},{\"@type\":\"ListItem\",\"position\":2,\"name\":\"Termini &#038; Condizioni\"}]},{\"@type\":\"WebSite\",\"@id\":\"https:\\\/\\\/specialpapers.fedrigoni.com\\\/ita\\\/#website\",\"url\":\"https:\\\/\\\/specialpapers.fedrigoni.com\\\/ita\\\/\",\"name\":\"Fedrigoni Special Papers\",\"description\":\"Your Paper, Our Passion.\",\"potentialAction\":[{\"@type\":\"SearchAction\",\"target\":{\"@type\":\"EntryPoint\",\"urlTemplate\":\"https:\\\/\\\/specialpapers.fedrigoni.com\\\/ita\\\/?s={search_term_string}\"},\"query-input\":{\"@type\":\"PropertyValueSpecification\",\"valueRequired\":true,\"valueName\":\"search_term_string\"}}],\"inLanguage\":\"it-IT\"}]}<\/script>\n<!-- \/ Yoast SEO plugin. -->","yoast_head_json":{"title":"Termini & Condizioni","robots":{"index":"index","follow":"follow","max-snippet":"max-snippet:-1","max-image-preview":"max-image-preview:large","max-video-preview":"max-video-preview:-1"},"canonical":"https:\/\/specialpapers.fedrigoni.com\/ita\/termini-condizioni\/","og_locale":"it_IT","og_type":"article","og_title":"Termini & Condizioni","og_description":"1. ORDINE DI ACQUISTO Fedrigoni S.p.A. (di seguito anche denominata per brevit\u00e0 Fornitore) potr\u00e0 accettare esclusivamente gli ordini completati in ogni loro parte. Nel caso di temporanea indisponibilit\u00e0 dei prodotti, il Fornitore si impegna ad informare tempestivamente il Cliente. 2. CONCLUSIONE DEL CONTRATTO Il contratto di compravendita si considera concluso con (i) l&#8217;invio da parte...","og_url":"https:\/\/specialpapers.fedrigoni.com\/ita\/termini-condizioni\/","og_site_name":"Fedrigoni Special Papers","article_modified_time":"2022-03-01T14:36:55+00:00","og_image":[{"width":2200,"height":1467,"url":"https:\/\/specialpapers.fedrigoni.com\/wp-content\/uploads\/2021\/09\/Banner-HP-ladder.jpg","type":"image\/jpeg"}],"twitter_card":"summary_large_image","twitter_misc":{"Tempo di lettura stimato":"8 minuti"},"schema":{"@context":"https:\/\/schema.org","@graph":[{"@type":["WebPage","ProfilePage"],"@id":"https:\/\/specialpapers.fedrigoni.com\/ita\/termini-condizioni\/","url":"https:\/\/specialpapers.fedrigoni.com\/ita\/termini-condizioni\/","name":"Termini & Condizioni","isPartOf":{"@id":"https:\/\/specialpapers.fedrigoni.com\/ita\/#website"},"datePublished":"2022-02-07T08:08:11+00:00","dateModified":"2022-03-01T14:36:55+00:00","breadcrumb":{"@id":"https:\/\/specialpapers.fedrigoni.com\/ita\/termini-condizioni\/#breadcrumb"},"inLanguage":"it-IT","potentialAction":[{"@type":"ReadAction","target":["https:\/\/specialpapers.fedrigoni.com\/ita\/termini-condizioni\/"]}]},{"@type":"BreadcrumbList","@id":"https:\/\/specialpapers.fedrigoni.com\/ita\/termini-condizioni\/#breadcrumb","itemListElement":[{"@type":"ListItem","position":1,"name":"Home","item":"https:\/\/specialpapers.fedrigoni.com\/ita\/"},{"@type":"ListItem","position":2,"name":"Termini &#038; Condizioni"}]},{"@type":"WebSite","@id":"https:\/\/specialpapers.fedrigoni.com\/ita\/#website","url":"https:\/\/specialpapers.fedrigoni.com\/ita\/","name":"Fedrigoni Special Papers","description":"Your Paper, Our Passion.","potentialAction":[{"@type":"SearchAction","target":{"@type":"EntryPoint","urlTemplate":"https:\/\/specialpapers.fedrigoni.com\/ita\/?s={search_term_string}"},"query-input":{"@type":"PropertyValueSpecification","valueRequired":true,"valueName":"search_term_string"}}],"inLanguage":"it-IT"}]}},"_links":{"self":[{"href":"https:\/\/specialpapers.fedrigoni.com\/ita\/wp-json\/wp\/v2\/pages\/38162","targetHints":{"allow":["GET"]}}],"collection":[{"href":"https:\/\/specialpapers.fedrigoni.com\/ita\/wp-json\/wp\/v2\/pages"}],"about":[{"href":"https:\/\/specialpapers.fedrigoni.com\/ita\/wp-json\/wp\/v2\/types\/page"}],"author":[{"embeddable":true,"href":"https:\/\/specialpapers.fedrigoni.com\/ita\/wp-json\/wp\/v2\/users\/7"}],"replies":[{"embeddable":true,"href":"https:\/\/specialpapers.fedrigoni.com\/ita\/wp-json\/wp\/v2\/comments?post=38162"}],"version-history":[{"count":0,"href":"https:\/\/specialpapers.fedrigoni.com\/ita\/wp-json\/wp\/v2\/pages\/38162\/revisions"}],"wp:attachment":[{"href":"https:\/\/specialpapers.fedrigoni.com\/ita\/wp-json\/wp\/v2\/media?parent=38162"}],"curies":[{"name":"wp","href":"https:\/\/api.w.org\/{rel}","templated":true}]}}