{"id":26470,"date":"2021-08-25T10:34:17","date_gmt":"2021-08-25T10:34:17","guid":{"rendered":"https:\/\/specialpapers.fedrigoni.com\/inspire-me\/"},"modified":"2021-10-08T07:51:46","modified_gmt":"2021-10-08T07:51:46","slug":"inspire-me","status":"publish","type":"page","link":"https:\/\/specialpapers.fedrigoni.com\/prt\/inspire-me\/","title":{"rendered":"Inspira\u00e7\u00e3o <!--Inspire Me-->"},"content":{"rendered":"<p><strong>Infinitas possibilidades<\/strong><\/p>\n<p>Feche os olhos e abra-os novamente para o mundo da Fedrigoni Special Papers. H\u00e1 uma viagem de infinitas possibilidades criativas \u00e0 sua espera. Hist\u00f3rias para reviver com todos os seus sentidos. Projetos que contam a hist\u00f3ria da sua (e da nossa) arte.  <\/p>\n<p>SONDAGEM<br \/>\nDe que forma descreveria o seu interesse nos pap\u00e9is Fedrigoni?<\/p>\n<p><!--<strong>Infinite possibilities<\/strong>\n\nClose your eyes and open them again to the world of Fedrigoni Special Papers. A journey of infinite creative possibilities awaits you. Stories to relive with all your senses. Projects that tell the story of your (and our) art.\n\nPOLL\nHow would you describe your interest in Fedrigoni Special Paperss?--><\/p>\n","protected":false},"excerpt":{"rendered":"<p>Infinitas possibilidades Feche os olhos e abra-os novamente para o mundo da Fedrigoni Special Papers. H\u00e1 uma viagem de infinitas possibilidades criativas \u00e0 sua espera. Hist\u00f3rias para reviver com todos os seus sentidos. Projetos que contam a hist\u00f3ria da sua (e da nossa) arte. SONDAGEM De que forma descreveria o seu interesse nos pap\u00e9is Fedrigoni?<\/p>\n","protected":false},"author":7,"featured_media":0,"parent":0,"menu_order":0,"comment_status":"closed","ping_status":"closed","template":"","meta":{"_acf_changed":false,"footnotes":""},"class_list":["post-26470","page","type-page","status-publish","hentry"],"acf":[],"yoast_head":"<!-- This site is optimized with the Yoast SEO plugin v27.3 - https:\/\/yoast.com\/product\/yoast-seo-wordpress\/ -->\n<title>Inspira\u00e7\u00e3o<\/title>\n<meta name=\"robots\" content=\"index, follow, max-snippet:-1, max-image-preview:large, max-video-preview:-1\" \/>\n<link rel=\"canonical\" href=\"https:\/\/specialpapers.fedrigoni.com\/prt\/inspire-me\/\" \/>\n<meta property=\"og:locale\" content=\"pt_PT\" \/>\n<meta property=\"og:type\" content=\"article\" \/>\n<meta property=\"og:title\" content=\"Inspira\u00e7\u00e3o\" \/>\n<meta property=\"og:description\" content=\"Infinitas possibilidades Feche os olhos e abra-os novamente para o mundo da Fedrigoni Special Papers. H\u00e1 uma viagem de infinitas possibilidades criativas \u00e0 sua espera. Hist\u00f3rias para reviver com todos os seus sentidos. Projetos que contam a hist\u00f3ria da sua (e da nossa) arte. SONDAGEM De que forma descreveria o seu interesse nos pap\u00e9is Fedrigoni?\" \/>\n<meta property=\"og:url\" content=\"https:\/\/specialpapers.fedrigoni.com\/prt\/inspire-me\/\" \/>\n<meta property=\"og:site_name\" content=\"Fedrigoni Special Papers\" \/>\n<meta property=\"article:modified_time\" content=\"2021-10-08T07:51:46+00:00\" \/>\n<meta property=\"og:image\" content=\"https:\/\/specialpapers.fedrigoni.com\/wp-content\/uploads\/2021\/09\/Banner-HP-ladder.jpg\" \/>\n\t<meta property=\"og:image:width\" content=\"2200\" \/>\n\t<meta property=\"og:image:height\" content=\"1467\" \/>\n\t<meta property=\"og:image:type\" content=\"image\/jpeg\" \/>\n<meta name=\"twitter:card\" content=\"summary_large_image\" \/>\n<script type=\"application\/ld+json\" class=\"yoast-schema-graph\">{\"@context\":\"https:\\\/\\\/schema.org\",\"@graph\":[{\"@type\":[\"WebPage\",\"ProfilePage\"],\"@id\":\"https:\\\/\\\/specialpapers.fedrigoni.com\\\/prt\\\/inspire-me\\\/\",\"url\":\"https:\\\/\\\/specialpapers.fedrigoni.com\\\/prt\\\/inspire-me\\\/\",\"name\":\"Inspira\u00e7\u00e3o\",\"isPartOf\":{\"@id\":\"https:\\\/\\\/specialpapers.fedrigoni.com\\\/prt\\\/#website\"},\"datePublished\":\"2021-08-25T10:34:17+00:00\",\"dateModified\":\"2021-10-08T07:51:46+00:00\",\"breadcrumb\":{\"@id\":\"https:\\\/\\\/specialpapers.fedrigoni.com\\\/prt\\\/inspire-me\\\/#breadcrumb\"},\"inLanguage\":\"pt-PT\",\"potentialAction\":[{\"@type\":\"ReadAction\",\"target\":[\"https:\\\/\\\/specialpapers.fedrigoni.com\\\/prt\\\/inspire-me\\\/\"]}]},{\"@type\":\"BreadcrumbList\",\"@id\":\"https:\\\/\\\/specialpapers.fedrigoni.com\\\/prt\\\/inspire-me\\\/#breadcrumb\",\"itemListElement\":[{\"@type\":\"ListItem\",\"position\":1,\"name\":\"Home\",\"item\":\"https:\\\/\\\/specialpapers.fedrigoni.com\\\/prt\\\/\"},{\"@type\":\"ListItem\",\"position\":2,\"name\":\"Inspira\u00e7\u00e3o\"}]},{\"@type\":\"WebSite\",\"@id\":\"https:\\\/\\\/specialpapers.fedrigoni.com\\\/prt\\\/#website\",\"url\":\"https:\\\/\\\/specialpapers.fedrigoni.com\\\/prt\\\/\",\"name\":\"Fedrigoni Special Papers\",\"description\":\"Elevating Creativity\",\"potentialAction\":[{\"@type\":\"SearchAction\",\"target\":{\"@type\":\"EntryPoint\",\"urlTemplate\":\"https:\\\/\\\/specialpapers.fedrigoni.com\\\/prt\\\/?s={search_term_string}\"},\"query-input\":{\"@type\":\"PropertyValueSpecification\",\"valueRequired\":true,\"valueName\":\"search_term_string\"}}],\"inLanguage\":\"pt-PT\"}]}<\/script>\n<!-- \/ Yoast SEO plugin. -->","yoast_head_json":{"title":"Inspira\u00e7\u00e3o","robots":{"index":"index","follow":"follow","max-snippet":"max-snippet:-1","max-image-preview":"max-image-preview:large","max-video-preview":"max-video-preview:-1"},"canonical":"https:\/\/specialpapers.fedrigoni.com\/prt\/inspire-me\/","og_locale":"pt_PT","og_type":"article","og_title":"Inspira\u00e7\u00e3o","og_description":"Infinitas possibilidades Feche os olhos e abra-os novamente para o mundo da Fedrigoni Special Papers. H\u00e1 uma viagem de infinitas possibilidades criativas \u00e0 sua espera. Hist\u00f3rias para reviver com todos os seus sentidos. Projetos que contam a hist\u00f3ria da sua (e da nossa) arte. SONDAGEM De que forma descreveria o seu interesse nos pap\u00e9is Fedrigoni?","og_url":"https:\/\/specialpapers.fedrigoni.com\/prt\/inspire-me\/","og_site_name":"Fedrigoni Special Papers","article_modified_time":"2021-10-08T07:51:46+00:00","og_image":[{"width":2200,"height":1467,"url":"https:\/\/specialpapers.fedrigoni.com\/wp-content\/uploads\/2021\/09\/Banner-HP-ladder.jpg","type":"image\/jpeg"}],"twitter_card":"summary_large_image","schema":{"@context":"https:\/\/schema.org","@graph":[{"@type":["WebPage","ProfilePage"],"@id":"https:\/\/specialpapers.fedrigoni.com\/prt\/inspire-me\/","url":"https:\/\/specialpapers.fedrigoni.com\/prt\/inspire-me\/","name":"Inspira\u00e7\u00e3o","isPartOf":{"@id":"https:\/\/specialpapers.fedrigoni.com\/prt\/#website"},"datePublished":"2021-08-25T10:34:17+00:00","dateModified":"2021-10-08T07:51:46+00:00","breadcrumb":{"@id":"https:\/\/specialpapers.fedrigoni.com\/prt\/inspire-me\/#breadcrumb"},"inLanguage":"pt-PT","potentialAction":[{"@type":"ReadAction","target":["https:\/\/specialpapers.fedrigoni.com\/prt\/inspire-me\/"]}]},{"@type":"BreadcrumbList","@id":"https:\/\/specialpapers.fedrigoni.com\/prt\/inspire-me\/#breadcrumb","itemListElement":[{"@type":"ListItem","position":1,"name":"Home","item":"https:\/\/specialpapers.fedrigoni.com\/prt\/"},{"@type":"ListItem","position":2,"name":"Inspira\u00e7\u00e3o"}]},{"@type":"WebSite","@id":"https:\/\/specialpapers.fedrigoni.com\/prt\/#website","url":"https:\/\/specialpapers.fedrigoni.com\/prt\/","name":"Fedrigoni Special Papers","description":"Elevating Creativity","potentialAction":[{"@type":"SearchAction","target":{"@type":"EntryPoint","urlTemplate":"https:\/\/specialpapers.fedrigoni.com\/prt\/?s={search_term_string}"},"query-input":{"@type":"PropertyValueSpecification","valueRequired":true,"valueName":"search_term_string"}}],"inLanguage":"pt-PT"}]}},"_links":{"self":[{"href":"https:\/\/specialpapers.fedrigoni.com\/prt\/wp-json\/wp\/v2\/pages\/26470","targetHints":{"allow":["GET"]}}],"collection":[{"href":"https:\/\/specialpapers.fedrigoni.com\/prt\/wp-json\/wp\/v2\/pages"}],"about":[{"href":"https:\/\/specialpapers.fedrigoni.com\/prt\/wp-json\/wp\/v2\/types\/page"}],"author":[{"embeddable":true,"href":"https:\/\/specialpapers.fedrigoni.com\/prt\/wp-json\/wp\/v2\/users\/7"}],"replies":[{"embeddable":true,"href":"https:\/\/specialpapers.fedrigoni.com\/prt\/wp-json\/wp\/v2\/comments?post=26470"}],"version-history":[{"count":0,"href":"https:\/\/specialpapers.fedrigoni.com\/prt\/wp-json\/wp\/v2\/pages\/26470\/revisions"}],"wp:attachment":[{"href":"https:\/\/specialpapers.fedrigoni.com\/prt\/wp-json\/wp\/v2\/media?parent=26470"}],"curies":[{"name":"wp","href":"https:\/\/api.w.org\/{rel}","templated":true}]}}